tors of 541764.
2, 3, 101, 149
List the prime factors of 544399.
544399
What are the prime factors of 246917?
11, 22447
What are the prime factors of 3301106?
2, 1650553
What are the prime factors of 5901706?
2, 2950853
List the prime factors of 19892584.
2, 17, 107, 1367
List the prime factors of 20236978.
2, 47, 461, 467
What are the prime factors of 220397?
433, 509
What are the prime factors of 147983?
11, 1223
List the prime factors of 126448.
2, 7, 1129
List the prime factors of 17841291.
3, 13, 457469
List the prime factors of 11355719.
1549, 7331
List the prime factors of 85998.
2, 3, 11, 1303
What are the prime factors of 1810288?
2, 113143
List the prime factors of 1838089.
11, 167099
What are the prime factors of 22328172?
2, 3, 620227
What are the prime factors of 301925?
5, 13, 929
What are the prime factors of 8289875?
5, 11, 6029
What are the prime factors of 406483?
7, 11, 5279
List the prime factors of 318895.
5, 23, 47, 59
List the prime factors of 232743.
3, 7, 11083
List the prime factors of 158175.
3, 5, 19, 37
List the prime factors of 1489204.
2, 23, 16187
What are the prime factors of 9081992?
2, 41, 27689
List the prime factors of 1444226.
2, 7, 14737
List the prime factors of 2914918.
2, 1457459
List the prime factors of 846551.
839, 1009
What are the prime factors of 868933?
13, 66841
What are the prime factors of 15387271?
15387271
List the prime factors of 399823.
17, 29, 811
List the prime factors of 11072.
2, 173
List the prime factors of 68120.
2, 5, 13, 131
List the prime factors of 19081669.
19081669
List the prime factors of 22435976.
2, 2804497
List the prime factors of 322154.
2, 7, 23011
List the prime factors of 220949.
17, 41, 317
What are the prime factors of 792423?
3, 1087
What are the prime factors of 2556083?
61, 41903
What are the prime factors of 5591038?
2, 683, 4093
List the prime factors of 1405778.
2, 11, 37, 157
List the prime factors of 196989.
3, 13, 5051
List the prime factors of 89817.
3, 7, 13, 47
What are the prime factors of 6598255?
5, 1319651
What are the prime factors of 1693422?
2, 3, 94079
What are the prime factors of 1081958?
2, 193, 2803
What are the prime factors of 65645?
5, 19, 691
What are the prime factors of 49125?
3, 5, 131
What are the prime factors of 348847?
199, 1753
What are the prime factors of 6787859?
13, 179, 2917
List the prime factors of 5258356.
2, 103, 12763
What are the prime factors of 36282?
2, 3, 6047
What are the prime factors of 12878575?
5, 515143
What are the prime factors of 2317574?
2, 7, 165541
What are the prime factors of 43581?
3, 73, 199
List the prime factors of 954030.
2, 3, 5, 7, 11, 59
What are the prime factors of 2111889?
3, 13, 54151
List the prime factors of 135837.
3, 13, 43
What are the prime factors of 2666211?
3, 888737
What are the prime factors of 7107737?
7, 13, 37, 2111
List the prime factors of 1455700.
2, 5, 14557
What are the prime factors of 15074201?
19, 793379
List the prime factors of 8220669.
3, 2740223
What are the prime factors of 142361?
29, 4909
List the prime factors of 979974.
2, 3, 54443
What are the prime factors of 1496791?
1496791
What are the prime factors of 7641533?
7641533
List the prime factors of 5365242.
2, 3, 127, 2347
What are the prime factors of 175784?
2, 7, 43, 73
What are the prime factors of 116124?
2, 3, 9677
What are the prime factors of 1657187?
7, 61, 3881
What are the prime factors of 322779?
3, 17, 6329
List the prime factors of 269133.
3, 283, 317
List the prime factors of 2590247.
11, 21407
List the prime factors of 119449.
11, 10859
What are the prime factors of 419908?
2, 113, 929
List the prime factors of 137065.
5, 79, 347
List the prime factors of 420748.
2, 293, 359
What are the prime factors of 35556580?
2, 5, 113, 15733
List the prime factors of 23108603.
7, 3301229
What are the prime factors of 116830?
2, 5, 7, 1669
List the prime factors of 698401.
11, 173, 367
What are the prime factors of 12238582?
2, 41, 149251
List the prime factors of 99247.
61, 1627
What are the prime factors of 35611?
149, 239
What are the prime factors of 1727199?
3, 191911
List the prime factors of 2180398.
2, 11, 99109
List the prime factors of 1519831.
1519831
List the prime factors of 3246944.
2, 101467
List the prime factors of 8754740.
2, 5, 107, 4091
What are the prime factors of 2981368?
2, 13, 109, 263
List the prime factors of 6476957.
67, 96671
What are the prime factors of 1273238?
2, 636619
What are the prime factors of 338344?
2, 42293
What are the prime factors of 16029691?
17, 53, 17791
List the prime factors of 3274315.
5, 11, 37, 1609
What are the prime factors of 250346?
2, 41, 43, 71
List the prime factors of 42155.
5, 8431
What are the prime factors of 471444?
2, 3, 17, 2311
List the prime factors of 4703707.
23, 204509
What are the prime factors of 371989?
397, 937
List the prime factors of 10153161.
3, 29, 12967
List the prime factors of 1726612.
2, 149, 2897
List the prime factors of 9878402.
2, 149, 33149
List the prime factors of 3300977.
241, 13697
List the prime factors of 731608.
2, 109, 839
List the prime factors of 3915742.
2, 1957871
List the prime factors of 170737.
7, 24391
What are the prime factors of 10283?
7, 13, 113
What are the prime factors of 149029?
71, 2099
List the prime factors of 1599994.
2, 11, 72727
What are the prime factors of 2098021?
17, 167, 739
What are the prime factors of 17626135?
5, 31, 113717
List the prime factors of 428599.
67, 6397
List the prime factors of 6069768.
2, 3, 47, 5381
What are the prime factors of 21717372?
2, 3, 37, 41, 1193
List the prime factors of 7939639.
421, 18859
List the prime factors of 38567.
38567
What are the prime factors of 4954774?
2, 11, 225217
List the prime factors of 3946.
2, 1973
List the prime factors of 2006672.
2, 167, 751
List the prime factors of 1830742.
2, 457, 2003
What are the prime factors of 744891?
3, 7, 79, 449
What are the prime factors of 46290?
2, 3, 5, 1543
What are the prime factors of 4040113?
7, 11, 71, 739
List the prime factors of 1304297.
47, 27751
What are the prime factors of 12055819?
2767, 4357
List the prime factors of 1154964.
2, 3, 109, 883
What are the prime factors of 66284?
2, 73, 227
List the prime factors of 987559.
987559
List the prime factors of 3566286.
2, 3, 198127
What are the prime factors of 72977?
72977
What are the prime factors of 1644190?
2, 5, 164419
What are the prime factors of 16190?
2, 5, 1619
What are the prime factors of 35936?
2, 1123
What are the prime factors of 515011?
7, 29, 43, 59
List the prime factors of 484857.
3, 17, 3169
List the prime factors of 2184474.
2, 3, 364079
What are the prime factors of 12337643?
647, 19069
List the prime factors of 6978654.
2, 3, 47, 73, 113
List the prime factors of 9301238.
2, 727, 6397
What are the prime factors of 200635?
5, 40127
What are the prime factors of 284053?
7, 11, 17, 31
List the prime factors of 534201.
3, 178067
List the prime factors of 374895.
3, 5, 2777
List the prime factors of 3623266.
2, 43, 42131
What are the prime factors of 588206?
2, 294103
List the prime factors of 635279.
635279
List the prime factors of 5962403.
2411, 2473
What are the prime factors of 7417881?
3, 29, 97, 293
List the prime factors of 2637927.
3, 29, 1123
What are the prime factors of 681575?
5, 137, 199
What are the prime factors of 183750?
2, 3, 5, 7
List the prime factors of 15824658.
2, 3, 107, 157
List the prime factors of 4664194.
2, 233, 10009
List the prime factors of 1862219.
1862219
List the prime factors of 1996211.
7, 40739
What are the prime factors of 1436781?
3, 478927
What are the prime factors of 448120?
2, 5, 17, 659
What are the prime factors of 245107?
245107
What are the prime factors of 374168?
2, 46771
What are the prime factors of 1385431?
41, 33791
List the prime factors of 3281545.
5, 43, 15263
List the prime factors of 2156139.
3, 19, 467
What are the prime factors of 567275?
5, 22691
List the prime factors of 26960.
2, 5, 337
What are the prime factors of 670515?
3, 5, 44701
What are the prime factors of 102978?
2, 3, 1907
What are the prime factors of 3272662?
2, 1636331
What are the prime factors of 28218?
2, 3, 4703
What are the prime factors of 17722297?
31, 37, 15451
What are the pr